2415 is divided by 16.
15
What is the remainder when 181 is divided by 8?
5
Calculate the remainder when 65 is divided by 57.
8
What is the remainder when 1221 is divided by 400?
21
Calculate the remainder when 44 is divided by 10.
4
Calculate the remainder when 69 is divided by 54.
15
Calculate the remainder when 533 is divided by 175.
8
Calculate the remainder when 9119 is divided by 96.
95
Calculate the remainder when 7748 is divided by 63.
62
Calculate the remainder when 13958 is divided by 23.
20
What is the remainder when 899 is divided by 94?
53
What is the remainder when 61 is divided by 6?
1
Calculate the remainder when 192 is divided by 15.
12
Calculate the remainder when 173 is divided by 7.
5
Calculate the remainder when 241 is divided by 88.
65
Calculate the remainder when 163 is divided by 60.
43
What is the remainder when 215 is divided by 108?
107
Calculate the remainder when 294 is divided by 11.
8
Calculate the remainder when 1659 is divided by 3.
0
Calculate the remainder when 186 is divided by 47.
45
What is the remainder when 707 is divided by 68?
27
What is the remainder when 778 is divided by 10?
8
Calculate the remainder when 404 is divided by 118.
50
Calculate the remainder when 961 is divided by 52.
25
What is the remainder when 315 is divided by 96?
27
Calculate the remainder when 195 is divided by 119.
76
Calculate the remainder when 2685 is divided by 117.
111
Calculate the remainder when 802 is divided by 62.
58
What is the remainder when 71 is divided by 27?
17
What is the remainder when 1187 is divided by 239?
231
What is the remainder when 66519 is divided by 43?
41
Calculate the remainder when 141 is divided by 28.
1
What is the remainder when 490 is divided by 17?
14
Calculate the remainder when 8008 is divided by 18.
16
What is the remainder when 19488 is divided by 4872?
0
Calculate the remainder when 218 is divided by 76.
66
What is the remainder when 413 is divided by 201?
11
Calculate the remainder when 180 is divided by 26.
24
Calculate the remainder when 366 is divided by 16.
14
What is the remainder when 245 is divided by 63?
56
What is the remainder when 3059 is divided by 204?
203
What is the remainder when 1780 is divided by 13?
12
What is the remainder when 2119 is divided by 78?
13
What is the remainder when 66 is divided by 55?
11
Calculate the remainder when 90 is divided by 15.
0
Calculate the remainder when 139 is divided by 11.
7
Calculate the remainder when 2907 is divided by 15.
12
Calculate the remainder when 94 is divided by 37.
20
Calculate the remainder when 1829 is divided by 30.
29
What is the remainder when 813 is divided by 68?
65
Calculate the remainder when 630 is divided by 12.
6
Calculate the remainder when 439 is divided by 160.
119
Calculate the remainder when 38 is divided by 21.
17
What is the remainder when 269 is divided by 11?
5
What is the remainder when 305 is divided by 52?
45
Calculate the remainder when 293 is divided by 37.
34
Calculate the remainder when 22 is divided by 6.
4
Calculate the remainder when 24059 is divided by 60.
59
What is the remainder when 279 is divided by 28?
27
Calculate the remainder when 407 is divided by 24.
23
Calculate the remainder when 262 is divided by 50.
12
What is the remainder when 230 is divided by 203?
27
What is the remainder when 3540 is divided by 154?
152
Calculate the remainder when 243 is divided by 45.
18
What is the remainder when 1212 is divided by 15?
12
Calculate the remainder when 193 is divided by 7.
4
Calculate the remainder when 1150 is divided by 287.
2
What is the remainder when 77 is divided by 28?
21
Calculate the remainder when 293 is divided by 43.
35
What is the remainder when 117 is divided by 60?
57
What is the remainder when 688 is divided by 66?
28
What is the remainder when 311 is divided by 79?
74
Calculate the remainder when 202 is divided by 46.
18
Calculate the remainder when 1022 is divided by 64.
62
What is the remainder when 89709 is divided by 89?
86
Calculate the remainder when 658 is divided by 55.
53
What is the remainder when 1862 is divided by 8?
6
What is the remainder when 718 is divided by 121?
113
What is the remainder when 731 is divided by 12?
11
What is the remainder when 712 is divided by 79?
1
What is the remainder when 230 is divided by 18?
14
Calculate the remainder when 8639 is divided by 192.
191
Calculate the remainder when 207 is divided by 42.
39
What is the remainder when 87 is divided by 14?
3
What is the remainder when 1018 is divided by 34?
32
Calculate the remainder when 145 is divided by 39.
28
What is the remainder when 33 is divided by 3?
0
What is the remainder when 2365 is divided by 588?
13
What is the remainder when 47 is divided by 17?
13
Calculate the remainder when 4149 is divided by 5.
4
Calculate the remainder when 336 is divided by 20.
16
What is the remainder when 460 is divided by 78?
70
What is the remainder when 4618 is divided by 919?
23
What is the remainder when 93 is divided by 9?
3
What is the remainder when 376 is divided by 20?
16
What is the remainder when 1800 is divided by 279?
126
Calculate the remainder when 61 is divided by 19.
4
Calculate the remainder when 1256 is divided by 84.
80
Calculate the remainder when 3103 is divided by 516.
7
Calculate the remainder when 376 is divided by 13.
12
What is the remainder when 4677 is divided by 40?
37
Calculate the remainder when 230 is divided by 18.
14
Calculate the remainder when 106 is divided by 27.
25
What is the remainder when 13 is divided by 10?
3
Calculate the remainder when 520 is divided by 105.
100
What is the remainder when 900 is divided by 41?
39
What is the remainder when 782 is divided by 86?
8
What is the remainder when 101 is divided by 21?
17
Calculate the remainder when 996 is divided by 37.
34
Calculate the remainder when 122 is divided by 46.
30
Calculate the remainder when 436 is divided by 72.
4
What is the remainder when 4122 is divided by 520?
482
Calculate the remainder when 725 is divided by 92.
81
Calculate the remainder when 3762 is divided by 3758.
4
What is the remainder when 3215 is divided by 67?
66
What is the remainder when 757 is divided by 69?
67
What is the remainder when 868 is divided by 109?
105
What is the remainder when 112 is divided by 33?
13
Calculate the remainder when 232 is divided by 122.
110
Calculate the remainder when 423 is divided by 56.
31
Calculate the remainder when 126 is divided by 45.
36
What is the remainder when 1569 is divided by 6?
3
Calculate the remainder when 459 is divided by 344.
115
Calculate the remainder when 176 is divided by 84.
8
Calculate the remainder when 416 is divided by 38.
36
Calculate the remainder when 168 is divided by 17.
15
What is the remainder when 238 is divided by 38?
10
Calculate the remainder when 70 is divided by 8.
6
What is the remainder when 22 is divided by 13?
9
What is the remainder when 8404 is divided by 5?
4
What is the remainder when 220 is divided by 64?
28
Calculate the remainder when 820 is divided by 267.
19
Calculate the remainder when 10 is divided by 1.
0
Calculate the remainder when 1316 is divided by 55.
51
Calculate the remainder when 155 is divided by 50.
5
Calculate the remainder when 58 is divided by 3.
1
Calculate the remainder when 237 is divided by 29.
5
Calculate the remainder when 106 is divided by 37.
32
What is the remainder when 406 is divided by 146?
114
What is the remainder when 7247 is divided by 12?
11
Calculate the remainder when 381 is divided by 201.
180
Calculate the remainder when 309 is divided by 37.
13
What is the remainder when 944 is divided by 87?
74
What is the remainder when 312 is divided by 16?
8
What is the remainder when 259 is divided by 202?
57
What is the remainder when 2404 is divided by 73?
68
Calculate the remainder when 12354 is divided by 103.
97
Calculate the remainder when 1783 is divided by 23.
12
What is the remainder when 882 is divided by 68?
66
Calculate the remainder when 259 is divided by 31.
11
Calculate the remainder when 1621 is divided by 234.
217
What is the remainder when 143 is divided by 123?
20
Calculate the remainder when 6012 is divided by 16.
12
Calculate the remainder when 106 is divided by 3.
1
Calculate the remaind